(8 - (3 + -1)) + (9 - 17) + -5
-7
What is the value of -5 - (-3 + 3) - 10 - (-7 + 8)?
-16
What is (-5 - -5 - 6) + 6 - (0 - -6)?
-6
-4 + (1 - -4) - 6 - (14 - 5)
-14
What is -65 + 53 + (-2 - -15)?
1
Evaluate 29 - (8 - (-7 + 8)) - 2.
20
-95 + 80 - (-12 + -4)
1
Evaluate (0 - 15) + -7 - -26.
4
What is 17 - 0 - (-9 + (4 - (0 + -6)))?
16
Evaluate -11 + (22 - (37 - 13)).
-13
-52 - (-30 + (-26 - -26))
-22
-182 + 151 - (-43 - -1)
11
Evaluate -5 - 2 - (4 + -11 - -11).
-11
What is the value of -4 + -2 - (10 - (-1 - -4))?
-13
What is the value of -140 - -137 - (-30 - 3)?
30
What is 13 - (-13 + 34) - (-1 - -12)?
-19
What is -14 + -2 + -5 + 9 + -3?
-15
Evaluate -8 - (-19 + 28 + -3 + -7).
-7
What is 5 + 4 + -19 - (3 - 9) - 3?
-7
Evaluate (313 - 297) + -47 + 0.
-31
-3 - (8 - 5 - (9 + 4 + -11))
-4
Evaluate -5 + -10 - (-18 - -7).
-4
Calculate -13 + (11 - (-12 - -10)).
0
What is the value of 44 - 29 - (19 + -2)?
-2
What is the value of 3 - 3 - (0 + 5 - 2)?
-3
Calculate 3 + (-9 - -2) + -2 + 9.
3
Calculate -1 - (-4 - (3 - 15)).
-9
2 + 8 + -7 + 4 + -4
3
What is -3 - ((0 - (4 - -3)) + (-5 - -31))?
-22
Evaluate (0 - 3 - (-14 + -2 + 10)) + 8.
11
-27 + 28 + 1 - 25
-23
Calculate -1 + -3 - (-29 + 21 + 13).
-9
What is the value of (-7 - (5 - 2)) + (130 - 146)?
-26
-2 + -3 + 4 + (-6 - (-6 - -5))
-6
-2 - (-11 + 20 - 19) - -2
10
Calculate (-11 - -1) + -165 + 166.
-9
Evaluate (10 - (4 - 1)) + 4.
11
What is (-15 - ((2 - 10) + -3 - -7)) + -23?
-34
-3 + -18 + 16 + (23 - 33)
-15
Evaluate 23 + (-10 - 6) - 26.
-19
Evaluate -13 - (-67 + 27 - (-8 + -3)).
16
(11 - 1) + (-73 - -58)
-5
What is (-837 - -845) + 0 + -2?
6
Evaluate -9 + 1 - (-5 - (16 + -23)).
-10
-1 + (3 - 7) + (13 + -10 - 5)
-7
What is the value of -6 + -3 - -3 - (12 - 30)?
12
Evaluate 14 - (0 - (-7 - (-7 + 5))).
9
Evaluate -8 + 10 - (25 + -8).
-15
What is the value of (-6 - 20) + 1 + 16?
-9
What is the value of -7 - (-2 + -7 + 10 + -7)?
-1
Calculate 1 - (9 + -18) - (-3 - (-10 - 4)).
-1
Evaluate 20 + -2 + -8 + -8 + -1.
1
Calculate -18 - ((23 - -21) + -31).
-31
What is -1 - (7 - 11 - 16)?
19
What is -5 - (-4 - (21 + -8))?
12
19 - ((-3 - -15) + -8 + 7)
8
Evaluate 8 + (-40 - 9 - -21).
-20
Calculate (31 + -8 - 7) + -11.
5
What is the value of -8 + (-1 - (10 + -11) - -6)?
-2
What is the value of -2 - (7 + 20 + -17 + (2 - 3))?
-11
What is -1 - 1 - (31 + -27) - 4?
-10
Calculate 20 - (-30 - (26 + -61)).
15
Evaluate 72 - 61 - (24 + -2).
-11
Calculate -14 + 6 + 44 + -33.
3
Calculate 50 + (-48 - -1) + 1 + 1 + 31.
36
Evaluate (25 - -2) + (-961 - -937).
3
What is the value of 23 + (-20 + -66 - -33)?
-30
Evaluate -14 - (-3 + (3 - 11)) - -17.
14
Evaluate 2 + 2 - ((7 - -2) + -2 + 4).
-7
What is the value of (3 + 0 - -41) + (-17 - -1 - -11)?
39
-2 + 4 - 0 - -10 - (-4 - -10)
6
Calculate -3 - (3 + -7 + 8) - -1.
-6
Calculate -7 + 5 + -1 - (25 - 14).
-14
What is -57 + 68 - (-12 - 1) - (5 - 0)?
19
Evaluate -24 + (17 - 31) + 12.
-26
Calculate -4 - ((13 - (7 - -1)) + (1 - 6)).
-4
What is the value of (0 - 5) + 9 + -9 - (-194 + 205)?
-16
6 - (18 - (-13 - -39))
14
Evaluate -5 + -13 + 17 - -6.
5
What is the value of (0 - ((14 - 7 - 10) + 5)) + 2?
0
6 + 13 + -12 + 12 + -14
5
Calculate (-78 - -68) + 2 + 2.
-6
Calculate 1 + (0 - -12 - (-10 + 16)).
7
What is -4 - (-3 - (16 + -17))?
-2
What is the value of -3 + (-4 - -15) + -17?
-9
1 + -2 - (51 + -60)
8
Calculate (7 - 7) + 8 + -1 + -22 + 18.
3
Evaluate -19 + 1 + 0 + 10.
-8
Calculate (-1 - -18 - 5) + -8 + 5 + 12.
21
Evaluate (1 - (-15 + 2 + 7)) + 4.
11
What is 11 + -27 - ((2 - -4) + -5) - 1?
-18
Evaluate (-17 - -35) + -5 - (-2 - -17).
-2
What is -2 - -7 - 1 - (10 - (12 + 4))?
10
What is (3 + 1 - -4) + (-84 - -91)?
15
Calculate 7 - -1 - 5 - (2 - 7).
8
Evaluate -1 + (-6 + -2 + 3 - (11 + -26)).
9
What is the value of -6 - -1 - (12 + (-8 - 13) - -3)?
1
(9 - 1) + 0 - (18 - (4 - 6))
-12
Calculate -68 - -79 - (-1 + 3).
9
Calculate (-19 - -42 - 18) + -21.
-16
What is the value of 5 + (1 - -1 - (3 - 7))?
11
What is the value of -14 - (-39 - -20) - (11 - 0)?
-6
Calculate 6 + 0 - (-4 + 5).
5
Evaluate 2 + -1 + 7 + -11.
-3
-34 + 23 - -4 - (-24 - 1)
18
Calculate -25 + -12 + (-7 - 0 - -26).
-18
-172 + 57 + 106 - (-2 - (0 - 1))
-8
1 - -3 - -2 - (-49 + 12 - -33)
10
What is the value of 3 - (1 + -3) - (-136 - -108)?
33
What is the value of 2 + (-37 - (-9 + -3)) - -13?
-10
What is the value of 17 + -2 + (-12 - 1) - -11?
13
What is the value of -1 + -5 + -2 + (2 - 6)?
-12
(702 - 719) + -12 + 1 + (-1 - -1)
-28
Evaluate 422 + -410 + (-38 - 1).
-27
What is (8 - -1) + 11 + (-19 - -11)?
12
What is 17 + 2 - (-620 + 663)?
-24
28 - -10 - (20 - 5)
23
(20 - 12) + 7 + 5
20
Calculate -2 - -13 - 9 - (-1 - 12).
15
28 + 4 + (0 + -3 - (19 - 14))
24
What is 9 + (-16 - -13) + 37 - (4 + 7)?
32
Calculate (9 - -3) + 5 + -18.
-1
Evaluate -11 - ((-20 - 1) + 27).
-17
What is the value of -157 + 157 + (2 - 1)?
1
Evaluate 11 - (14 + 0) - (-4 + (-5 - 3)).
9
What is (-5 - -19 - 11) + 0 + -14 - 0?
-11
-31 - (5 + -30) - -13
7
What is the value of (-13 - 3) + 6 + 15?
5
40 + -34 + 56 + -32
30
5 + 10 - (-3 - -31)
-13
Evaluate 2 + (-6 - 3) - -13.
6
Calculate -8 + -4 + 18 + -4 - (18 + 0).
-16
Evaluate (8 - 3) + -8 + -4 + -5.
-12
Calculate 1 - (-25 - -21 - (2 + 14)).
21
What is -17 + 1 + 6 - (-16 - 3)?
9
What is 26 - 34 - ((-1 - -2) + (-4 - 4))?
-1
What is (3 + -6 - -6 - 1) + -7 + -1?
-6
Calculate (16 - 20) + (11 - (-1 + -15)).
23
What is (9 - (3 - -6)) + -20 + -1?
-21
-15 + 18 + (-25 - -20) + -4
-6
Evaluate 18 + (6 - -7 - (20 + -3)).
14
1 + 28 - (3 - (10 - 1 - 10))
25
-44 + 53 + 19 + -1 + -11
16
Evaluate (-27 - -16 - -20) + -15.
-6
What is 4 + (13 + -10 - -10) + -12?
5
What is (-1 - -9 - (-89 + 89)) + -9?
-1
Evaluate 30 + -16 + -3 - ((1 - 2) + 3).
9
What is -31 + 15 - -15 - (1 - 1 - 3)?
2
What is 10 - (24 - (-2 - (-3 + 10 + -1)))?
-22
1 + -12 - (76 - 80)
-7
What is the value of 17 + (-12 - -7) + 2?
14
Calculate 0 + 0 + -2 - (2 + -3 - 0).
-1
Calculate -15 + 1 + (76 - 45).
17
(-24 - (-22 - -15)) + 28
11
0 - (13 - (-11 - (-11 - 6)))
-7
Calculate -9 + 54 - 25 - 18.
2
Calculate -17 - (-21 - (-21 - -27)).
10
What is the value of 26 + (9 - (1 + 2 - -5)) + -7?
20
What is the value of (20 - 3) + 98 + -97?
18
Calculate -1 + -26 - ((-43 - -14) + 16).
-14
Calculate (0 - 0) + -13 + 1 - (23 - 27).
-8
What is 14 + (-10 - (-9 + 1 + 2 - -1))?
9
(-13 - -6) + 12 - 9
-4
What is (231 + -227 - (-1 - -4)) + -7?
-6
Evaluate (2 - -9) + (-4 - -1) + -14.
-6
What is the value of 4 - (-6 + -7 + 33 + -2)?
-14
(294 - 297) + (4 - 1) + 0 - 1
-1
Calculate -9 - (8 + -17 + 3).
-3
What is the value of -25 + -4 + 5 + 1 + 9?
-14
What is the value of 16 + (-39 - -26 - (-1 - 3))?
7
What is the value of 156 + -140 + (-3 - 17)?
-4
7 + 34 + -21 - -2
22
-35 + -21 + (42 - 9) + (2 - -1)
-20
Evaluate (1 - (5 - 0)) + -5 - -2.
-7
-15 - -39 - (-16 + 53)
-13
Evaluate 155 + -155 - (0 + -12).
12
Calculate -8 + (-6 + (6 - -9) - 0) + -10.
-9
(-14 - 1) + (-111 - (-78 - 31))
-17
2 + (2 - -3) + -9 + 15
13
What is the value of 12 + 1 - (-14 - -36)?
-9
15 + (17 + -20 - 34)
-22
Evaluate -5 + -6 - (-1 - (-20 - -19)).
-11
Evaluate -3 + -1 - (-58 - (-151 + 89)).
-8
Evaluate (19 + -31 - -13) + -13.
-12
-28 + (-19 - -3 - (-101 + 86))
-29
Evaluate 28 + (-26 - -2) + -31.
-27
What is 1 - (7 + 21 + -15)?
-12
(9 - (16 - 2)) + 18
13
What is the value of -19 - (-3 + -7 - 5)?
-4
What is the value of (20 - (4 - -29)) + 8?
-5
(7 + 1 - 1) + (-50 - -17 - -26)
0
(-17 - -2) + 11 - -14
10
(-11 - -3) + (-79 - -99)
12
What is -15 + 4 + (9 - 14) + -4?
-20
What is 4 + (0 + 4 - -5)?
13
Evaluate (-1 - 1) + (25 - 19) - (0 + 9).
-5
What is 24 - 22 - (0 - (1 - 0) - -5)?
-2
Evaluate (-32 - -30) + (-2 + 4 - 0).
0
Calculate 5 - (-11 - (-6 + -3) - 7).
14
What is the value of 27 - (-1 + -1) - (-172 - -174)?
27
10 - (1 + 4) - -1
6
What is 9 - (0 + 7 - (16 + 4 - 15))?
7
What is the value of (-14 + -2 - -15) + -19?
-20
Evaluate 0 + 3 + 4 + (-11 + 10 - 0).
6
What is -7 - -35 - -5 - 37?
-4
What is -10 - (8 + -29) - 38?
-27
(36 - 24) + -5 + (14 - -2)
23
What is the value of -37 + (10 - -33) + 19?
25
(2 - 2) + (-4 - 0) - (55 - 43)
-16
Evaluate -23 + 19 - (12 - 5).
-11
(15 + (-2 - 7) - 22) + 8
-8
What is the value of -1 - -4 - (-5 + 16 + -2 - -11)?
-17
What is 2 + 16 + 6 + -4 + -6?
14
What is -20 + ((-8 + 6 - 3) + -4 - 2)?
-31
Calculate -698 + 728 + -21 + -